se -2*u - i + 21 = 0. What is the remainder when 81 is divided by u/35 - 621/(-15)?
40
Let n(a) = -a**3 - a**2. Let c be n(-2). Suppose 5*u - 4 = -19, 12 = 4*r - c*u. What is the remainder when (-1)/(3/(-114) + r) is divided by 13?
12
Let b(a) = 90*a**2 - 7*a + 5. Let h be b(1). Suppose 0 = -l - 4*f + 7*f + h, 3*l - 5*f = 284. What is the remainder when l is divided by 36?
31
Suppose 2*w = -2, 3*f + 3*w = -f - 15. What is the remainder when (4/f)/(11/(-429)) is divided by 1*((14 - -1) + -1)?
10
Let y = 11371 + -11357. Calculate the remainder when (776 + 0)/4 + 0 is divided by y.
12
Suppose -4*k - 2*s + 414 = 0, 0 = 3*k + 7*s - 3*s - 323. What is the remainder when 1094 is divided by k?
84
Let z = -3421 - -3477. Calculate the remainder when 157 is divided by z.
45
Let j be ((-3)/(-24))/((-9)/(-936)). Calculate the remainder when 7876/j - (-26)/169 is divided by 61.
57
Let p be -3 + (-1)/(1/(-6)). Suppose -4*f + p*w = -2*f - 34, -f + 3*w = -17. What is the remainder when (56 + -55)/((-604)/(-200) + -3) is divided by f?
16
Suppose -26136 + 7706 = -10*r. Calculate the remainder when r is divided by 142.
139
Let v = -4419 + 4479. Calculate the remainder when 140 is divided by v.
20
Suppose 4*f + 2 = 14. Suppose 6*a = f*a - 3. What is the remainder when (495/36)/(a/(-4)) is divided by 19?
17
Suppose -2*j - 5*i + 81 = 0, -j - 5*i = -4*j + 184. Let n = -32 + 80. Suppose h - n = -2*h. Calculate the remainder when j is divided by h.
5
Let m be (-3 + (-324)/8)/((-2)/(-4)). Let i = m - -90. Suppose n + i*a = 12, a + 3*a = -4. What is the remainder when n is divided by 9?
6
Suppose 0*u - 52 = -3*v - 2*u, -3 = -2*v + 5*u. What is the remainder when 5/(-30) + 66*1060/720 is divided by v?
13
Suppose 3*o + 4*w = -2*o - 3606, -3*o - 2166 = 3*w. Let f = -556 - o. What is the remainder when f is divided by 15?
12
What is the remainder when (14/4)/((-747)/150 - (10 - 15)) is divided by 25?
0
Suppose 14 = 4*j - 2*y, -3*j = -0*j + y - 18. Let p(b) = -b**2 - 4*b + 64. What is the remainder when 75 is divided by p(j)?
18
Let c(n) = -3*n**3 + 122*n**2 + 43*n + 105. What is the remainder when 656 is divided by c(41)?
95
Let n(v) = 2*v**3 + 23*v**2 - 13*v. Let u(q) = q**3 + 10*q**2 - 39*q - 12. Let a be u(-13). Calculate the remainder when 19 is divided by n(a).
7
Suppose 17*m = 29*m + 1704. Let j = 163 + m. Let q(c) = 19*c + 2. What is the remainder when q(3) is divided by j?
17
Let w(k) = k**2 - 27*k - 276. What is the remainder when 579 is divided by w(36)?
3
Let p(g) = -15*g - 2. What is the remainder when 1356/10 - 20*24/(-1200) is divided by p(-2)?
24
Suppose -5*a + 12 = 4*q, -2*a + 3*q - 6*q + 2 = 0. What is the remainder when 75 is divided by a?
3
Let w(a) = -11*a + 10. Let d(x) = -11*x + 9. Let n be d(2). What is the remainder when w(n) is divided by 53?
47
Let s = 98 + -56. Let q(k) = -7*k + 3*k - 6*k - 5 + 5*k. What is the remainder when s is divided by q(-4)?
12
Suppose 4*s = -2*i - 50 + 230, 4*i + 124 = 3*s. Let t(r) = 300*r + 4. What is the remainder when t(1) is divided by s?
40
Let d = 14915 - 4613. Calculate the remainder when d is divided by 32.
30
Let l(s) = -24 + 17 - 6*s + 16. Suppose 7*k - 108 = 74. Calculate the remainder when l(-7) is divided by k.
25
Let k(y) = y**3 - 37*y**2 - 3*y + 115. Let b be k(37). Suppose 136 = q + l, -q + b*l - 3*l + 138 = 0. What is the remainder when q is divided by 14?
11
Let v(d) = 60*d - 1647. What is the remainder when 6786 is divided by v(29)?
90
Suppose -3*k - 113*o = -108*o - 1112, 0 = -4*k - 2*o + 1506. What is the remainder when 392 is divided by k?
13
Suppose -31*g = -32*g - 7, -416 = -4*c - 4*g. What is the remainder when 2327 is divided by c?
107
Suppose -478 = -21*s + 95 - 90. What is the remainder when 363 is divided by s?
18
Suppose 12*n = 19*n - 329. Let z = -1139 - -1320. What is the remainder when z is divided by n?
40
Let l = -21 - -207. Suppose 0 = 5*z + 3*d - 229, -6*d = 4*z - 5*d - l. Calculate the remainder when 422 is divided by z.
46
Let r = 6 - 4. Let u = -170 - -172. Suppose u*h + 4*s = 10, -4*h - 5*s = -11 - 6. Calculate the remainder when h is divided by r.
1
Let l(m) = -3*m - 27. Let w = -11 - -11. Suppose w = -3*v + 54 + 192. Calculate the remainder when v is divided by l(-16).
19
Calculate the remainder when 6228 is divided by 13 + (-48)/64*4.
8
Let g(i) = -i**2 + i - 14. Let d be g(0). What is the remainder when 6/(-21) - 536/d is divided by 3/(-15) + 3408/240?
10
Let a be 1127/4 - 6/(-24)*1. Let h = a - 154. Let i = 200 - h. Calculate the remainder when i is divided by 19.
15
Suppose 0 = 190*d + 210*d - 369*d - 110918. What is the remainder when d is divided by 20?
18
Suppose -56606 - 102232 = -46*h. What is the remainder when h is divided by 38?
33
Suppose 18*l + 12 - 588 = 0. What is the remainder when 27 is divided by -21*(1 + 0 + l/(-24))?
6
Suppose 3*v - 17 = -2*q, v - 5*q = 6537 - 6520. Calculate the remainder when 8042 is divided by v.
6
What is the remainder when 915 is divided by (((-120)/(-35))/(-4))/(-2*(-2)/(-476))?
99
Suppose 2*a = 7*a - 60. Suppose 3*j = a, -3*x + 2*x - 4*j + 13 = 0. Calculate the remainder when 1 is divided by (-4 + 3 - x) + -1.
0
Let t = -574 + 230. Let d = 440 + t. What is the remainder when 478 is divided by d?
94
Let c(n) = -3*n - 15. Let b be c(-7). Suppose b*q = -2*q + 360. Suppose 38*y + q = 41*y. What is the remainder when y is divided by 4?
3
Let l = 290 - -170. Suppose 0 = -5*d + 3*g + 559 - 101, -l = -5*d + 5*g. Calculate the remainder when d is divided by 16.
11
Let p = -9693 - -10873. What is the remainder when p is divided by 325?
205
Let b = 5708 + -5570. Calculate the remainder when b is divided by 14.
12
Let k = -351 - -630. Suppose k = 10*t + 49. What is the remainder when t is divided by 9?
5
Let b be 1 + -14 - (0 + 3 - 5). What is the remainder when 37 is divided by (-57)/b + 86/(-473)?
2
Let n(m) = -m**3 - 2*m**2 + 481*m - 45. Suppose -1 = -i + 3. Calculate the remainder when i is divided by n(-23).
0
Let y(t) = -4*t**3 - 49*t**2 - 15*t + 1. Let c = 200 + -212. What is the remainder when 106 is divided by y(c)?
32
Suppose -v - 22 = -3*v. Let j(x) = x**3 + 11*x**2 + 24*x. Let y be j(-8). Suppose -80*d + 18 + 542 = y. What is the remainder when v is divided by d?
4
Let a = -58 + 93. Let d(b) = b**2 + 13*b + 27. Let r be d(-12). Let g(i) = -i**3 + 14*i**2 + 15*i + 14. What is the remainder when a is divided by g(r)?
7
Suppose 31820 = 80*k + 145*k + 145*k. Calculate the remainder when k is divided by (-2 - 0)/((-3)/36).
14
Suppose 4*r + o = 3568, 5*r - 873 = 4*r - 5*o. Let k = r + -633. Calculate the remainder when k is divided by 44.
40
Let l = -9112 - -10510. What is the remainder when l is divided by 5?
3
Suppose 0 = 4*n - 5*y - 85, 0*y - 6 = -2*y. Suppose 15*x = n*x - 660. Calculate the remainder when x is divided by 17.
15
Calculate the remainder when 477 is divided by (-45)/(-39) + -1 + (2 - 1086/(-39)).
27
What is the remainder when 3364 is divided by 7*(-57)/(-266)*(-204)/(-9)?
32
Suppose -10*z = -4231 + 911. Suppose s + 298 = z. Calculate the remainder when 97/(-2)*-2 - -3 is divided by s.
32
What is the remainder when 4/10 - 368/(-5) is divided by (-7 - (-1 + 4)) + 1260/35?
22
Let j(x) = 8*x**2 - 25*x. Let t(b) = -9*b**2 + 25*b. Let o(a) = -6*j(a) - 5*t(a). Let g = -12 + 26. What is the remainder when g is divided by o(8)?
6
Suppose 3*g = -2*t + 706, -191*t = -4*g - 188*t + 930. Calculate the remainder when g is divided by 203.
31
Suppose -3*j + 15885 = 3*d, 0 = -40*d + 35*d - 2*j + 26493. What is the remainder when d is divided by 136?
133
Let r be (2 - (-3)/1)*1. Suppose 0 = 8*l - 5*l - 30. What is the remainder when l is divided by 10/25 - (-38)/r?
2
Let r = -77 - -141. Suppose 3*h = -0*h + 18. Suppose -3*i - 3*u = -h*u - 27, -2*u = 3*i - 52. Calculate the remainder when r is divided by i.
8
Suppose 11 = 3*x - 10. Let u(v) = -v**2 - 309*v - 3557. What is the remainder when x is divided by u(-12)?
0
Let w(j) = -j**3 + 13*j**2 - 10*j + 2. Let n(g) = g**3 - 12*g**2 + 8*g - 2. Let z(q) = -6*n(q) - 5*w(q). Calculate the remainder when 92 is divided by z(6).
42
Suppose 26*z + 2076 = 7*z + 6978. Calculate the remainder when z is divided by 90.
78
Calculate the remainder when ((-1152)/(-36)*22/(-10))/((-5)/800) is divided by 15.